when 1465761 is divided by 147.
24
What is the remainder when 1233741 is divided by 94872?
405
Calculate the remainder when 39862117 is divided by 211.
208
What is the remainder when 3658967 is divided by 728?
39
What is the remainder when 1714523 is divided by 71438?
11
What is the remainder when 1571026 is divided by 157008?
946
Calculate the remainder when 401003 is divided by 1643.
111
What is the remainder when 28759 is divided by 9352?
703
Calculate the remainder when 6778000 is divided by 99673.
236
What is the remainder when 2468520 is divided by 1849?
105
Calculate the remainder when 14343224 is divided by 54745.
34
Calculate the remainder when 644942 is divided by 4085.
3597
What is the remainder when 20643388 is divided by 2727?
2725
What is the remainder when 1535863 is divided by 313?
285
Calculate the remainder when 75309 is divided by 6.
3
What is the remainder when 125736 is divided by 1183?
338
Calculate the remainder when 5135711 is divided by 1680.
1631
What is the remainder when 76885064 is divided by 1255?
1254
Calculate the remainder when 208959 is divided by 296.
279
What is the remainder when 21239698 is divided by 976?
962
What is the remainder when 599454 is divided by 28531?
303
What is the remainder when 1255672 is divided by 490?
292
What is the remainder when 408770508 is divided by 139?
3
What is the remainder when 124293 is divided by 20702?
81
What is the remainder when 11555 is divided by 9393?
2162
What is the remainder when 3798593 is divided by 4249?
4236
What is the remainder when 387662 is divided by 2113?
983
What is the remainder when 44940787 is divided by 89?
59
What is the remainder when 3178079 is divided by 244?
223
Calculate the remainder when 193770 is divided by 3876.
3846
What is the remainder when 13786798 is divided by 2979?
2965
What is the remainder when 11240 is divided by 360?
80
What is the remainder when 11134130 is divided by 6308?
510
Calculate the remainder when 9431 is divided by 2226.
527
Calculate the remainder when 156943533 is divided by 156943523.
10
Calculate the remainder when 7648441 is divided by 24358.
29
Calculate the remainder when 41699 is divided by 19.
13
Calculate the remainder when 438650 is divided by 432455.
6195
What is the remainder when 229305063 is divided by 4269?
4266
Calculate the remainder when 735390 is divided by 122535.
180
What is the remainder when 35425 is divided by 1305?
190
What is the remainder when 31860039 is divided by 5310006?
3
What is the remainder when 21581 is divided by 1046?
661
Calculate the remainder when 60183196 is divided by 70.
66
What is the remainder when 622056 is divided by 62198?
76
Calculate the remainder when 3427201 is divided by 17307.
415
What is the remainder when 206841186 is divided by 7?
6
What is the remainder when 1792128 is divided by 1154?
1120
Calculate the remainder when 3275887 is divided by 432.
31
Calculate the remainder when 188268206 is divided by 7215.
7211
What is the remainder when 1379540950 is divided by 15239?
15236
Calculate the remainder when 8107631 is divided by 104.
103
Calculate the remainder when 251653 is divided by 285.
283
Calculate the remainder when 185716 is divided by 1385.
126
What is the remainder when 91348 is divided by 90?
88
What is the remainder when 390852 is divided by 5663?
105
What is the remainder when 1176288 is divided by 73517?
16
What is the remainder when 6047 is divided by 42?
41
Calculate the remainder when 2404194 is divided by 193.
186
Calculate the remainder when 1600259 is divided by 60.
59
Calculate the remainder when 1361464725 is divided by 3848.
3845
What is the remainder when 6695891 is divided by 308?
279
Calculate the remainder when 29620079 is divided by 1680.
1679
Calculate the remainder when 952485 is divided by 968.
941
What is the remainder when 48536 is divided by 12037?
388
What is the remainder when 765424 is divided by 21259?
100
What is the remainder when 4456285 is divided by 279?
97
Calculate the remainder when 2914308 is divided by 138.
24
Calculate the remainder when 3281039 is divided by 39529.
132
What is the remainder when 1352027 is divided by 168993?
83
Calculate the remainder when 981128 is divided by 490242.
644
Calculate the remainder when 528311 is divided by 10780.
91
What is the remainder when 118950 is divided by 5415?
5235
What is the remainder when 43901 is divided by 6269?
18
Calculate the remainder when 518112 is divided by 1432.
1160
Calculate the remainder when 538900 is divided by 21.
19
What is the remainder when 366902887 is divided by 3244?
3243
Calculate the remainder when 43091069 is divided by 6712.
29
Calculate the remainder when 4849643 is divided by 17.
2
What is the remainder when 22994 is divided by 2845?
234
Calculate the remainder when 19613686 is divided by 148.
134
What is the remainder when 1343813 is divided by 53745?
188
What is the remainder when 5668 is divided by 96?
4
Calculate the remainder when 27748 is divided by 1328.
1188
Calculate the remainder when 117388 is divided by 12965.
703
What is the remainder when 203282704 is divided by 29040386?
2
Calculate the remainder when 176853 is divided by 175016.
1837
Calculate the remainder when 3063373 is divided by 5319.
4948
Calculate the remainder when 9681862 is divided by 168.
22
Calculate the remainder when 251336 is divided by 3988.
92
What is the remainder when 119158 is divided by 39664?
166
Calculate the remainder when 71115 is divided by 638.
297
Calculate the remainder when 60326 is divided by 50.
26
Calculate the remainder when 2151008 is divided by 716583.
1259
What is the remainder when 2498098 is divided by 60?
58
Calculate the remainder when 56856 is divided by 18952.
0
What is the remainder when 4802964 is divided by 417?
375
What is the remainder when 4490662 is divided by 1386?
22
Calculate the remainder when 92424 is divided by 10260.
84
What is the remainder when 5131562 is divided by 7515?
6332
What is the remainder when 1425129 is divided by 661?
13
What is the remainder when 635921 is divided by 158973?
29
Calculate the remainder when 284862 is divided by 356.
62
Calculate the remainder when 3904725 is divided by 325388.
69
What is the remainder when 1845748 is divided by 232?
188
Calculate the remainder when 92815 is divided by 15044.
2551
What is the remainder when 3238381 is divided by 417?
376
What is the remainder when 3080513 is divided by 40533?
5
What is the remainder when 2627494 is divided by 97313?
43
Calculate the remainder when 12050388 is divided by 317115.
18
Calculate the remainder when 257893 is divided by 5436.
2401
Calculate the remainder when 9365175 is divided by 135727.
12
What is the remainder when 14171 is divided by 12938?
1233
Calculate the remainder when 145518 is divided by 641.
11
What is the remainder when 6487388 is divided by 2409?
2360
What is the remainder when 4614587 is divided by 2838?
2837
What is the remainder when 6831822 is divided by 3?
0
Calculate the remainder when 66195 is divided by 20592.
4419
What is the remainder when 33373439 is divided by 11124472?
23
Calculate the remainder when 1666488 is divided by 243.
237
Calculate the remainder when 27731689 is divided by 21.
13
Calculate the remainder when 20163 is divided by 4941.
399
What is the remainder when 58331449 is divided by 4487032?
33
Calculate the remainder when 245329 is divided by 1076.
1
What is the remainder when 24365 is divided by 7711?
1232
What is the remainder when 66580788 is divided by 166?
14
Calculate the remainder when 72052 is divided by 1853.
1638
What is the remainder when 512340 is divided by 170666?
342
What is the remainder when 5784442 is divided by 1928030?
352
Calculate the remainder when 14123919 is divided by 21.
12
Calculate the remainder when 2105962 is divided by 131602.
330
Calculate the remainder when 52425 is divided by 25265.
1895
What is the remainder when 585525 is divided by 260?
5
Calculate the remainder when 70589 is divided by 2175.
989
What is the remainder when 418289 is divided by 4355?
209
Calculate the remainder when 14712552 is divided by 2145.
2142
What is the remainder when 65073 is divided by 3249?
93
What is the remainder when 10231777 is divided by 754?
751
Calculate the remaind